{"id":150,"date":"2022-02-21T22:49:12","date_gmt":"2022-02-21T21:49:12","guid":{"rendered":"https:\/\/oknprzemocseksualna.ajp.edu.pl\/?page_id=150"},"modified":"2026-01-29T17:35:42","modified_gmt":"2026-01-29T16:35:42","slug":"euhateq-szczegoly","status":"publish","type":"page","link":"https:\/\/oknprzemocseksualna.ajp.edu.pl\/?page_id=150","title":{"rendered":"Program"},"content":{"rendered":"<div id=\"accordions-1244\" class=\"accordions-1244 accordions\" data-accordions={&quot;lazyLoad&quot;:true,&quot;id&quot;:&quot;1244&quot;,&quot;event&quot;:&quot;click&quot;,&quot;collapsible&quot;:&quot;true&quot;,&quot;heightStyle&quot;:&quot;content&quot;,&quot;animateStyle&quot;:&quot;swing&quot;,&quot;animateDelay&quot;:1000,&quot;navigation&quot;:true,&quot;active&quot;:999,&quot;expandedOther&quot;:&quot;no&quot;}>\r\n                <div id=\"accordions-lazy-1244\" class=\"accordions-lazy\" accordionsId=\"1244\">\r\n                    <\/div>\r\n\r\n    <div class=\"items\"  style=\"display:none\" >\r\n    \r\n            <div post_id=\"1244\" itemcount=\"0\"  header_id=\"header-1769704248866\" id=\"header-1769704248866\" style=\"\" class=\"accordions-head head1769704248866 border-none\" toggle-text=\"\" main-text=\"Panel 1. Przemoc seksualna \u2013 mi\u0119dzy tabu a wielowymiarowo\u015bci\u0105 problemu\">\r\n                                    <span id=\"accordion-icons-1769704248866\" class=\"accordion-icons\">\r\n                        <span class=\"accordion-icon-active accordion-plus\"><i class=\"fas fa-chevron-up\"><\/i><\/span>\r\n                        <span class=\"accordion-icon-inactive accordion-minus\"><i class=\"fas fa-chevron-right\"><\/i><\/span>\r\n                    <\/span>\r\n                    <span id=\"header-text-1769704248866\" class=\"accordions-head-title\">Panel 1. Przemoc seksualna \u2013 mi\u0119dzy tabu a wielowymiarowo\u015bci\u0105 problemu<\/span>\r\n                            <\/div>\r\n            <div class=\"accordion-content content1769704248866 \">\r\n                            <\/div>\r\n    \r\n            <div post_id=\"1244\" itemcount=\"1\"  header_id=\"header-1769704305816\" id=\"header-1769704305816\" style=\"\" class=\"accordions-head head1769704305816 border-none\" toggle-text=\"\" main-text=\"Panel 2. Przemoc seksualna w dobie Internetu. Stary problem w nowej ods\u0142onie?\">\r\n                                    <span id=\"accordion-icons-1769704305816\" class=\"accordion-icons\">\r\n                        <span class=\"accordion-icon-active accordion-plus\"><i class=\"fas fa-chevron-up\"><\/i><\/span>\r\n                        <span class=\"accordion-icon-inactive accordion-minus\"><i class=\"fas fa-chevron-right\"><\/i><\/span>\r\n                    <\/span>\r\n                    <span id=\"header-text-1769704305816\" class=\"accordions-head-title\">Panel 2. Przemoc seksualna w dobie Internetu. Stary problem w nowej ods\u0142onie?<\/span>\r\n                            <\/div>\r\n            <div class=\"accordion-content content1769704305816 \">\r\n                            <\/div>\r\n    \r\n            <div post_id=\"1244\" itemcount=\"2\"  header_id=\"header-1769704307631\" id=\"header-1769704307631\" style=\"\" class=\"accordions-head head1769704307631 border-none\" toggle-text=\"\" main-text=\"Panel 3. Standard mi\u0119dzynarodowy w zakresie przeciwdzia\u0142ania przemocy seksualnej, czyli przyk\u0142ad idzie z g\u00f3ry?\">\r\n                                    <span id=\"accordion-icons-1769704307631\" class=\"accordion-icons\">\r\n                        <span class=\"accordion-icon-active accordion-plus\"><i class=\"fas fa-chevron-up\"><\/i><\/span>\r\n                        <span class=\"accordion-icon-inactive accordion-minus\"><i class=\"fas fa-chevron-right\"><\/i><\/span>\r\n                    <\/span>\r\n                    <span id=\"header-text-1769704307631\" class=\"accordions-head-title\">Panel 3. Standard mi\u0119dzynarodowy w zakresie przeciwdzia\u0142ania przemocy seksualnej, czyli przyk\u0142ad idzie z g\u00f3ry?<\/span>\r\n                            <\/div>\r\n            <div class=\"accordion-content content1769704307631 \">\r\n                            <\/div>\r\n    \r\n            <div post_id=\"1244\" itemcount=\"3\"  header_id=\"header-1769704368500\" id=\"header-1769704368500\" style=\"\" class=\"accordions-head head1769704368500 border-none\" toggle-text=\"\" main-text=\"Panel 4. Karnoprawna reakcja na przemoc seksualn\u0105: mi\u0119dzy nieuchronno\u015bci\u0105 a surowo\u015bci\u0105 kary\">\r\n                                    <span id=\"accordion-icons-1769704368500\" class=\"accordion-icons\">\r\n                        <span class=\"accordion-icon-active accordion-plus\"><i class=\"fas fa-chevron-up\"><\/i><\/span>\r\n                        <span class=\"accordion-icon-inactive accordion-minus\"><i class=\"fas fa-chevron-right\"><\/i><\/span>\r\n                    <\/span>\r\n                    <span id=\"header-text-1769704368500\" class=\"accordions-head-title\">Panel 4. Karnoprawna reakcja na przemoc seksualn\u0105: mi\u0119dzy nieuchronno\u015bci\u0105 a surowo\u015bci\u0105 kary<\/span>\r\n                            <\/div>\r\n            <div class=\"accordion-content content1769704368500 \">\r\n                            <\/div>\r\n    \r\n            <div post_id=\"1244\" itemcount=\"4\"  header_id=\"header-1769704387698\" id=\"header-1769704387698\" style=\"\" class=\"accordions-head head1769704387698 border-none\" toggle-text=\"\" main-text=\"Panel 5. Je\u015bli nie kodeks karny, to co? Przemoc seksualna a inne ga\u0142\u0119zie prawa\">\r\n                                    <span id=\"accordion-icons-1769704387698\" class=\"accordion-icons\">\r\n                        <span class=\"accordion-icon-active accordion-plus\"><i class=\"fas fa-chevron-up\"><\/i><\/span>\r\n                        <span class=\"accordion-icon-inactive accordion-minus\"><i class=\"fas fa-chevron-right\"><\/i><\/span>\r\n                    <\/span>\r\n                    <span id=\"header-text-1769704387698\" class=\"accordions-head-title\">Panel 5. Je\u015bli nie kodeks karny, to co? Przemoc seksualna a inne ga\u0142\u0119zie prawa<\/span>\r\n                            <\/div>\r\n            <div class=\"accordion-content content1769704387698 \">\r\n                            <\/div>\r\n    \r\n            <div post_id=\"1244\" itemcount=\"5\"  header_id=\"header-1769704416411\" id=\"header-1769704416411\" style=\"\" class=\"accordions-head head1769704416411 border-none\" toggle-text=\"\" main-text=\"Panel 6. Przeciwdzia\u0142anie przemocy seksualnej w praktyce organ\u00f3w w\u0142adzy publicznej\">\r\n                                    <span id=\"accordion-icons-1769704416411\" class=\"accordion-icons\">\r\n                        <span class=\"accordion-icon-active accordion-plus\"><i class=\"fas fa-chevron-up\"><\/i><\/span>\r\n                        <span class=\"accordion-icon-inactive accordion-minus\"><i class=\"fas fa-chevron-right\"><\/i><\/span>\r\n                    <\/span>\r\n                    <span id=\"header-text-1769704416411\" class=\"accordions-head-title\">Panel 6. Przeciwdzia\u0142anie przemocy seksualnej w praktyce organ\u00f3w w\u0142adzy publicznej<\/span>\r\n                            <\/div>\r\n            <div class=\"accordion-content content1769704416411 \">\r\n                            <\/div>\r\n    \r\n            <div post_id=\"1244\" itemcount=\"6\"  header_id=\"header-1769704438199\" id=\"header-1769704438199\" style=\"\" class=\"accordions-head head1769704438199 border-none\" toggle-text=\"\" main-text=\"Panel 7. Organizacje pozarz\u0105dowe a przeciwdzia\u0142anie przemocy seksualnej\">\r\n                                    <span id=\"accordion-icons-1769704438199\" class=\"accordion-icons\">\r\n                        <span class=\"accordion-icon-active accordion-plus\"><i class=\"fas fa-chevron-up\"><\/i><\/span>\r\n                        <span class=\"accordion-icon-inactive accordion-minus\"><i class=\"fas fa-chevron-right\"><\/i><\/span>\r\n                    <\/span>\r\n                    <span id=\"header-text-1769704438199\" class=\"accordions-head-title\">Panel 7. Organizacje pozarz\u0105dowe a przeciwdzia\u0142anie przemocy seksualnej<\/span>\r\n                            <\/div>\r\n            <div class=\"accordion-content content1769704438199 \">\r\n                            <\/div>\r\n    \r\n            <div post_id=\"1244\" itemcount=\"7\"  header_id=\"header-1769704466186\" id=\"header-1769704466186\" style=\"\" class=\"accordions-head head1769704466186 border-none\" toggle-text=\"\" main-text=\"Panel 8. Od deklaracji do pomocy. Czy istnieje system wsparcia dla os\u00f3b z do\u015bwiadczeniem przemocy seksualnej?\">\r\n                                    <span id=\"accordion-icons-1769704466186\" class=\"accordion-icons\">\r\n                        <span class=\"accordion-icon-active accordion-plus\"><i class=\"fas fa-chevron-up\"><\/i><\/span>\r\n                        <span class=\"accordion-icon-inactive accordion-minus\"><i class=\"fas fa-chevron-right\"><\/i><\/span>\r\n                    <\/span>\r\n                    <span id=\"header-text-1769704466186\" class=\"accordions-head-title\">Panel 8. Od deklaracji do pomocy. Czy istnieje system wsparcia dla os\u00f3b z do\u015bwiadczeniem przemocy seksualnej?<\/span>\r\n                            <\/div>\r\n            <div class=\"accordion-content content1769704466186 \">\r\n                            <\/div>\r\n    <\/div>\r\n\r\n\r\n\r\n            <\/div>\n","protected":false},"excerpt":{"rendered":"","protected":false},"author":1,"featured_media":0,"parent":0,"menu_order":0,"comment_status":"closed","ping_status":"closed","template":"","meta":{"footnotes":""},"class_list":["post-150","page","type-page","status-publish","hentry"],"_links":{"self":[{"href":"https:\/\/oknprzemocseksualna.ajp.edu.pl\/index.php?rest_route=\/wp\/v2\/pages\/150","targetHints":{"allow":["GET"]}}],"collection":[{"href":"https:\/\/oknprzemocseksualna.ajp.edu.pl\/index.php?rest_route=\/wp\/v2\/pages"}],"about":[{"href":"https:\/\/oknprzemocseksualna.ajp.edu.pl\/index.php?rest_route=\/wp\/v2\/types\/page"}],"author":[{"embeddable":true,"href":"https:\/\/oknprzemocseksualna.ajp.edu.pl\/index.php?rest_route=\/wp\/v2\/users\/1"}],"replies":[{"embeddable":true,"href":"https:\/\/oknprzemocseksualna.ajp.edu.pl\/index.php?rest_route=%2Fwp%2Fv2%2Fcomments&post=150"}],"version-history":[{"count":8,"href":"https:\/\/oknprzemocseksualna.ajp.edu.pl\/index.php?rest_route=\/wp\/v2\/pages\/150\/revisions"}],"predecessor-version":[{"id":1246,"href":"https:\/\/oknprzemocseksualna.ajp.edu.pl\/index.php?rest_route=\/wp\/v2\/pages\/150\/revisions\/1246"}],"wp:attachment":[{"href":"https:\/\/oknprzemocseksualna.ajp.edu.pl\/index.php?rest_route=%2Fwp%2Fv2%2Fmedia&parent=150"}],"curies":[{"name":"wp","href":"https:\/\/api.w.org\/{rel}","templated":true}]}}

<div id="accordions-1244" class="accordions-1244 accordions" data-accordions={&quot;lazyLoad&quot;:true,&quot;id&quot;:&quot;1244&quot;,&quot;event&quot;:&quot;click&quot;,&quot;collapsible&quot;:&quot;true&quot;,&quot;heightStyle&quot;:&quot;content&quot;,&quot;animateStyle&quot;:&quot;swing&quot;,&quot;animateDelay&quot;:1000,&quot;navigation&quot;:true,&quot;active&quot;:999,&quot;expandedOther&quot;:&quot;no&quot;}>
                <div id="accordions-lazy-1244" class="accordions-lazy" accordionsId="1244">
                    </div>

    <div class="items"  style="display:none" >
    
            <div post_id="1244" itemcount="0"  header_id="header-1769704248866" id="header-1769704248866" style="" class="accordions-head head1769704248866 border-none" toggle-text="" main-text="Panel 1. Przemoc seksualna – między tabu a wielowymiarowością problemu">
                                    <span id="accordion-icons-1769704248866" class="accordion-icons">
                        <span class="accordion-icon-active accordion-plus"><i class="fas fa-chevron-up"></i></span>
                        <span class="accordion-icon-inactive accordion-minus"><i class="fas fa-chevron-right"></i></span>
                    </span>
                    <span id="header-text-1769704248866" class="accordions-head-title">Panel 1. Przemoc seksualna – między tabu a wielowymiarowością problemu</span>
                            </div>
            <div class="accordion-content content1769704248866 ">
                            </div>
    
            <div post_id="1244" itemcount="1"  header_id="header-1769704305816" id="header-1769704305816" style="" class="accordions-head head1769704305816 border-none" toggle-text="" main-text="Panel 2. Przemoc seksualna w dobie Internetu. Stary problem w nowej odsłonie?">
                                    <span id="accordion-icons-1769704305816" class="accordion-icons">
                        <span class="accordion-icon-active accordion-plus"><i class="fas fa-chevron-up"></i></span>
                        <span class="accordion-icon-inactive accordion-minus"><i class="fas fa-chevron-right"></i></span>
                    </span>
                    <span id="header-text-1769704305816" class="accordions-head-title">Panel 2. Przemoc seksualna w dobie Internetu. Stary problem w nowej odsłonie?</span>
                            </div>
            <div class="accordion-content content1769704305816 ">
                            </div>
    
            <div post_id="1244" itemcount="2"  header_id="header-1769704307631" id="header-1769704307631" style="" class="accordions-head head1769704307631 border-none" toggle-text="" main-text="Panel 3. Standard międzynarodowy w zakresie przeciwdziałania przemocy seksualnej, czyli przykład idzie z góry?">
                                    <span id="accordion-icons-1769704307631" class="accordion-icons">
                        <span class="accordion-icon-active accordion-plus"><i class="fas fa-chevron-up"></i></span>
                        <span class="accordion-icon-inactive accordion-minus"><i class="fas fa-chevron-right"></i></span>
                    </span>
                    <span id="header-text-1769704307631" class="accordions-head-title">Panel 3. Standard międzynarodowy w zakresie przeciwdziałania przemocy seksualnej, czyli przykład idzie z góry?</span>
                            </div>
            <div class="accordion-content content1769704307631 ">
                            </div>
    
            <div post_id="1244" itemcount="3"  header_id="header-1769704368500" id="header-1769704368500" style="" class="accordions-head head1769704368500 border-none" toggle-text="" main-text="Panel 4. Karnoprawna reakcja na przemoc seksualną: między nieuchronnością a surowością kary">
                                    <span id="accordion-icons-1769704368500" class="accordion-icons">
                        <span class="accordion-icon-active accordion-plus"><i class="fas fa-chevron-up"></i></span>
                        <span class="accordion-icon-inactive accordion-minus"><i class="fas fa-chevron-right"></i></span>
                    </span>
                    <span id="header-text-1769704368500" class="accordions-head-title">Panel 4. Karnoprawna reakcja na przemoc seksualną: między nieuchronnością a surowością kary</span>
                            </div>
            <div class="accordion-content content1769704368500 ">
                            </div>
    
            <div post_id="1244" itemcount="4"  header_id="header-1769704387698" id="header-1769704387698" style="" class="accordions-head head1769704387698 border-none" toggle-text="" main-text="Panel 5. Jeśli nie kodeks karny, to co? Przemoc seksualna a inne gałęzie prawa">
                                    <span id="accordion-icons-1769704387698" class="accordion-icons">
                        <span class="accordion-icon-active accordion-plus"><i class="fas fa-chevron-up"></i></span>
                        <span class="accordion-icon-inactive accordion-minus"><i class="fas fa-chevron-right"></i></span>
                    </span>
                    <span id="header-text-1769704387698" class="accordions-head-title">Panel 5. Jeśli nie kodeks karny, to co? Przemoc seksualna a inne gałęzie prawa</span>
                            </div>
            <div class="accordion-content content1769704387698 ">
                            </div>
    
            <div post_id="1244" itemcount="5"  header_id="header-1769704416411" id="header-1769704416411" style="" class="accordions-head head1769704416411 border-none" toggle-text="" main-text="Panel 6. Przeciwdziałanie przemocy seksualnej w praktyce organów władzy publicznej">
                                    <span id="accordion-icons-1769704416411" class="accordion-icons">
                        <span class="accordion-icon-active accordion-plus"><i class="fas fa-chevron-up"></i></span>
                        <span class="accordion-icon-inactive accordion-minus"><i class="fas fa-chevron-right"></i></span>
                    </span>
                    <span id="header-text-1769704416411" class="accordions-head-title">Panel 6. Przeciwdziałanie przemocy seksualnej w praktyce organów władzy publicznej</span>
                            </div>
            <div class="accordion-content content1769704416411 ">
                            </div>
    
            <div post_id="1244" itemcount="6"  header_id="header-1769704438199" id="header-1769704438199" style="" class="accordions-head head1769704438199 border-none" toggle-text="" main-text="Panel 7. Organizacje pozarządowe a przeciwdziałanie przemocy seksualnej">
                                    <span id="accordion-icons-1769704438199" class="accordion-icons">
                        <span class="accordion-icon-active accordion-plus"><i class="fas fa-chevron-up"></i></span>
                        <span class="accordion-icon-inactive accordion-minus"><i class="fas fa-chevron-right"></i></span>
                    </span>
                    <span id="header-text-1769704438199" class="accordions-head-title">Panel 7. Organizacje pozarządowe a przeciwdziałanie przemocy seksualnej</span>
                            </div>
            <div class="accordion-content content1769704438199 ">
                            </div>
    
            <div post_id="1244" itemcount="7"  header_id="header-1769704466186" id="header-1769704466186" style="" class="accordions-head head1769704466186 border-none" toggle-text="" main-text="Panel 8. Od deklaracji do pomocy. Czy istnieje system wsparcia dla osób z doświadczeniem przemocy seksualnej?">
                                    <span id="accordion-icons-1769704466186" class="accordion-icons">
                        <span class="accordion-icon-active accordion-plus"><i class="fas fa-chevron-up"></i></span>
                        <span class="accordion-icon-inactive accordion-minus"><i class="fas fa-chevron-right"></i></span>
                    </span>
                    <span id="header-text-1769704466186" class="accordions-head-title">Panel 8. Od deklaracji do pomocy. Czy istnieje system wsparcia dla osób z doświadczeniem przemocy seksualnej?</span>
                            </div>
            <div class="accordion-content content1769704466186 ">
                            </div>
    </div>



            </div>
